common divisor of 90 and 15.
15
Calculate the highest common factor of 152 and 20.
4
What is the highest common divisor of 1224 and 64?
8
Calculate the highest common divisor of 3504 and 12.
12
What is the highest common factor of 289 and 119?
17
Calculate the greatest common factor of 188 and 12455.
47
Calculate the greatest common divisor of 189 and 54.
27
What is the highest common divisor of 18 and 126?
18
Calculate the greatest common factor of 31 and 3937.
31
What is the greatest common divisor of 19 and 247?
19
What is the greatest common factor of 7 and 1897?
7
What is the greatest common divisor of 96 and 1176?
24
What is the highest common divisor of 807 and 69?
3
Calculate the greatest common divisor of 8295 and 315.
105
Calculate the highest common factor of 459 and 17.
17
What is the highest common factor of 7876 and 44?
44
Calculate the highest common divisor of 2082 and 6.
6
Calculate the highest common factor of 63 and 1071.
63
Calculate the highest common factor of 270 and 105.
15
Calculate the greatest common factor of 208 and 481.
13
Calculate the greatest common factor of 90 and 31710.
30
Calculate the highest common divisor of 128 and 368.
16
What is the greatest common divisor of 16464 and 98?
98
What is the greatest common divisor of 224 and 1876?
28
Calculate the highest common factor of 248 and 62.
62
Calculate the highest common factor of 396 and 24.
12
What is the highest common factor of 54207 and 38?
19
What is the greatest common factor of 192 and 320?
64
Calculate the greatest common divisor of 779 and 76.
19
Calculate the highest common factor of 3091 and 88.
11
What is the highest common divisor of 24 and 3?
3
Calculate the greatest common factor of 19905 and 10.
5
Calculate the highest common divisor of 110 and 682.
22
What is the highest common factor of 15246 and 121?
121
What is the greatest common divisor of 11237 and 51?
17
What is the greatest common factor of 405 and 15?
15
Calculate the greatest common factor of 21 and 868.
7
Calculate the highest common divisor of 210 and 45.
15
What is the greatest common factor of 4125 and 600?
75
What is the greatest common divisor of 7 and 9?
1
Calculate the greatest common divisor of 42 and 84.
42
Calculate the greatest common divisor of 11 and 11.
11
What is the highest common factor of 32991 and 21?
21
Calculate the highest common factor of 63 and 7.
7
What is the greatest common divisor of 24 and 108?
12
Calculate the greatest common divisor of 212 and 380.
4
Calculate the highest common factor of 31920 and 80.
80
What is the greatest common factor of 5379 and 33?
33
Calculate the greatest common factor of 79440 and 30.
30
Calculate the greatest common factor of 34 and 306.
34
What is the highest common factor of 851 and 74?
37
Calculate the greatest common divisor of 150 and 3770.
10
Calculate the highest common divisor of 61 and 3233.
61
What is the highest common factor of 860 and 60?
20
What is the greatest common factor of 3 and 4?
1
Calculate the highest common factor of 444 and 60.
12
What is the highest common divisor of 38674 and 122?
122
Calculate the greatest common factor of 366 and 183.
183
What is the greatest common factor of 59319 and 702?
351
What is the greatest common factor of 189 and 1431?
27
What is the greatest common factor of 726 and 66?
66
What is the greatest common factor of 100 and 17300?
100
What is the highest common divisor of 3900 and 690?
30
What is the highest common factor of 224 and 10976?
224
What is the highest common divisor of 100 and 13160?
20
What is the greatest common divisor of 605 and 355?
5
Calculate the greatest common divisor of 42 and 6.
6
What is the highest common divisor of 3068 and 260?
52
What is the highest common factor of 25 and 95?
5
What is the highest common divisor of 17 and 2771?
17
What is the greatest common factor of 77 and 392?
7
What is the highest common factor of 718 and 16?
2
What is the highest common factor of 554 and 10?
2
What is the highest common divisor of 14 and 70?
14
What is the highest common factor of 17 and 153?
17
Calculate the greatest common divisor of 121 and 1309.
11
Calculate the greatest common factor of 51 and 816.
51
What is the highest common divisor of 54 and 288?
18
Calculate the greatest common factor of 5598 and 18.
18
Calculate the highest common factor of 2643 and 15.
3
Calculate the highest common factor of 51 and 2057.
17
Calculate the greatest common factor of 6 and 24.
6
What is the greatest common factor of 450 and 558?
18
What is the greatest common divisor of 3379 and 31?
31
What is the greatest common divisor of 1274 and 26?
26
Calculate the highest common divisor of 1066 and 328.
82
What is the greatest common factor of 117 and 18?
9
Calculate the highest common divisor of 17751 and 873.
291
Calculate the highest common divisor of 6 and 522.
6
Calculate the highest common divisor of 2696 and 56.
8
Calculate the greatest common divisor of 192 and 72.
24
Calculate the highest common factor of 20 and 65.
5
Calculate the highest common factor of 5375 and 215.
215
What is the highest common factor of 976 and 122?
122
Calculate the highest common factor of 125 and 150.
25
What is the greatest common divisor of 5 and 8?
1
Calculate the greatest common factor of 40 and 640.
40
Calculate the greatest common factor of 200 and 72.
8
Calculate the highest common divisor of 533 and 13.
13
Calculate the greatest common factor of 712 and 24.
8
What is the greatest common factor of 124 and 124?
124
What is the highest common factor of 65 and 169?
13
Calculate the highest common factor of 604 and 12.
4
Calculate the highest common factor of 56 and 1876.
28
Calculate the greatest common factor of 560 and 5.
5
What is the highest common divisor of 145 and 203?
29
What is the highest common factor of 36 and 1572?
12
Calculate the greatest common divisor of 58 and 522.
58
Calculate the greatest common divisor of 72 and 60.
12
Calculate the highest common factor of 770 and 2520.
70
What is the highest common divisor of 1614 and 45?
3
Calculate the greatest common divisor of 1070 and 13696.
214
Calculate the highest common divisor of 148 and 370.
74
Calculate the highest common factor of 418 and 286.
22
Calculate the highest common factor of 7686 and 42.
42
What is the greatest common divisor of 464 and 944?
16
Calculate the greatest common divisor of 4656 and 48.
48
What is the highest common factor of 113 and 5?
1
What is the greatest common divisor of 80 and 80?
80
What is the highest common factor of 6 and 756?
6
Calculate the highest common divisor of 80 and 848.
16
Calculate the greatest common factor of 13 and 17069.
13
Calculate the highest common divisor of 112 and 3376.
16
Calculate the greatest common divisor of 1396 and 16.
4
Calculate the highest common divisor of 200 and 80.
40
Calculate the highest common divisor of 11 and 1529.
11
What is the greatest common divisor of 176 and 32?
16
What is the highest common factor of 24 and 132?
12
What is the greatest common divisor of 2000 and 16?
16
Calculate the highest common divisor of 851 and 74.
37
Calculate the greatest common factor of 10 and 298.
2
What is the highest common factor of 23 and 1909?
23
Calculate the greatest common factor of 9 and 3825.
9
What is the greatest common divisor of 342 and 1482?
114
Calculate the greatest common divisor of 338 and 78.
26
Calculate the greatest common factor of 78 and 1053.
39
What is the greatest common factor of 275 and 11?
11
What is the highest common factor of 2560 and 5?
5
What is the highest common divisor of 52770 and 30?
30
Calculate the greatest common factor of 1152 and 1332.
36
Calculate the highest common divisor of 54 and 1158.
6
What is the greatest common factor of 190 and 10?
10
What is the greatest common divisor of 493 and 29?
29
Calculate the highest common divisor of 11230 and 40.
10
Calculate the highest common divisor of 64 and 948.
4
Calculate the highest common factor of 56 and 82.
2
Calculate the highest common factor of 76 and 20.
4
What is the greatest common divisor of 86 and 2107?
43
Calculate the highest common factor of 44 and 4.
4
Calculate the greatest common divisor of 16 and 1256.
8
Calculate the greatest common divisor of 2100 a